v) be the first derivative of q(v). Determine t(-1).
8
Let a(l) = -l**3 + 7*l**2 - 8*l + 7. Suppose u - 36 = 4*u. Let v = u - -18. Determine a(v).
-5
Let v be 4 - (-1 - -3) - -2. Suppose -4*d + 3*g - v*g + 14 = 0, 3*g = 3*d - 3. Suppose d = 5*n - 6*n. Let i(l) = -3*l - 2. What is i(n)?
7
Let b(n) be the second derivative of -n**4/12 - 13*n**3/6 + n**2/2 + 84*n - 1. What is b(-12)?
13
Let f(g) = -g**3 + 19*g**2 + 20*g - 3. Let n = -1153 - -1173. Give f(n).
-3
Let q be (-1)/(3*(-3)/(-72)). Let p be 2/2 - q/8. Let g(m) = -m**3 + 2*m**2 + m - 1. Determine g(p).
1
Let a = 140 - 134. Let d(h) = -h**2 - 5*h + 8. Let q be d(-6). Let m(u) = 6*u**q + 4 + 5*u + 7*u**3 - 1 - a*u**3. What is m(-5)?
3
Suppose y - j + 7 = 0, -2*y = 3*y - 2*j + 50. Let m = 18 + y. Let v(x) be the first derivative of -x**4/4 + 2*x**3 + x**2 + 4*x + 265. Calculate v(m).
16
Let n(z) = z**2 + 4*z + 1. Let f(i) = i**2 - 9*i + 2. Let d be f(9). Suppose -180 = d*o + 3*o. Let j be 5/2*o/30. Give n(j).
-2
Let o(l) = 10. Let y(q) = q**2 + 2*q - 51. Let h(x) = 5*o(x) + y(x). What is h(-1)?
-2
Suppose 13 + 7 = 10*c. Let n(l) = 7*l**2 + 2*l - 3. Give n(c).
29
Suppose 65*s = 59*s. Let p(q) = 6*q**3 - 7*q - 6. Let v(a) = 5*a**3 - 6*a - 7. Let x(k) = 6*p(k) - 7*v(k). Determine x(s).
13
Let a(m) = -1650 + 1644 - m**2 + 0*m**2 + 12*m. What is a(10)?
14
Suppose 0 = 4*z + 4*o - 20, 2 - 12 = -2*z - 4*o. Let k(n) = -n**2 + 4*n + 1. Calculate k(z).
-4
Let v be 630/(-60)*(-2)/(-6) - (-10)/(-4). Let c(p) = 7*p + 9. Let g(r) = -4*r - 4. Let l(j) = -3*c(j) - 5*g(j). Determine l(v).
-1
Let m(y) = -y**3 + y**2 - 1. Let l(j) = 5*j**3 - 10*j**2 - j + 5. Let d(k) = -l(k) - 6*m(k). Let c = -36 + 32. Determine d(c).
-3
Let t(o) = o**2 - 5*o - 2 - 3 + 0. Let k = 18 + -14. Suppose -2*x - 2*s + 20 = 0, k*x - s - 18 + 3 = 0. Calculate t(x).
-5
Let j(q) be the second derivative of q**5/120 + 16*q**3/3 + q. Let m(y) be the second derivative of j(y). Let n be 36/16*16/(-6). Give m(n).
-6
Suppose -21*h = 23*h + 220. Let b(n) = -n**2 - 7*n - 6. Determine b(h).
4
Let y(g) = -g**3 + 4*g**2 + 7*g - 4. Let c be (-2)/(-3) + 190*(-3)/18. Let r = c + 36. Calculate y(r).
6
Let s = 1286 - 1297. Let r(i) = -i + 7. Calculate r(s).
18
Let t(b) = -2*b**2 - 3*b + 10. Let h be t(-3). Let j(f) = 5*f**3. What is j(h)?
5
Let l(z) = -z**3 - 3012 + 3024 - 15*z - 10*z**2 + 7*z. Let v = -10 + 1. Calculate l(v).
3
Let g(h) = -h**2 - 5*h + 2. Let f = 36 - 29. Let p be 14/f - (0 - -1). Suppose -3*m - p = r + 9, 10 = -5*r + 5*m. Calculate g(r).
6
Let l(f) be the third derivative of f**5/60 - 23*f**4/24 + 23*f**3/6 - 209*f**2. Determine l(22).
1
Let m(z) be the first derivative of z**3/3 - 4*z**2 - 3*z + 1129. Suppose 2*k + 5 = 21. Give m(k).
-3
Let y(c) = c**2 + 3*c - 3. Let m be y(-4). Let k(g) = 15*g + 10*g + 4*g**3 - 2*g - 30*g + 8*g. Give k(m).
5
Let o(b) be the third derivative of -b**4/12 + 2*b**3/3 - 91*b**2. Let q be ((-10)/15)/((-2)/12). Give o(q).
-4
Let z = 33 + -15. Suppose -10 + 5 = 5*j, u + 3*j = -1. Suppose -7*p + 3*h = -2*p - z, -u*p + 24 = 3*h. Let x(g) = -g**2 + 7*g - 8. Calculate x(p).
-2
Let w(a) be the third derivative of 1/60*a**5 - 22*a**2 + 0*a + a**3 + 0 - 1/3*a**4. Calculate w(6).
-6
Let f(n) = -n**2 - 2*n - 2. Let k be (-48)/(-5) - (-24)/60. Suppose 0 = 14*u - 9*u + k. Determine f(u).
-2
Let c(o) be the second derivative of o**3/3 - 5*o**2/2 - 16*o. Let t(n) = n - 1. Let p(f) = c(f) - 3*t(f). What is p(-2)?
0
Let x(s) = -6*s + 7. Let k be -18*3/18*-3. Calculate x(k).
-47
Let c(y) = y**3 + y**2. Let l(o) = o**2 - 7*o + 6. Let r(h) = -2*h - 12. Let s be r(-8). Let m be l(s). Let v = 7 + m. Determine c(v).
2
Suppose -2*f = -2*u + 2, 0*f + 5*u - 9 = f. Let l = 4 - 0. Let s(c) = c**3 - f + 4 + l - 1. Give s(0).
6
Let w be ((-18)/30)/((-4)/25)*-20. Let m = w - -74. Let d(u) be the third derivative of 7*u**5/30 - u**4/12 - u**3/6 + 5*u**2. Determine d(m).
15
Let h(y) = -4*y**2 + 7*y - 7. Suppose 7*b - 4*b + 9 = 0. Let i(o) = 7*o**2 - 14*o + 13. Let j(g) = b*i(g) - 5*h(g). Give j(3).
8
Let w(j) = -j**3 - 3*j**2 - j + 1. Let m(i) = -i + 11. Let n be m(11). Suppose 5*x - 7 + 2 = n. Let u = -2 - x. Determine w(u).
4
Let p(d) = -2*d + 6. Let a be -1*5*(1 + (-180)/75). Determine p(a).
-8
Let j(z) = -z**2 + 4*z - 2. Let o = 3 + -10. Let k = o - -18. Suppose -k = 2*t - 3, 5*q - 7 = -2*t. What is j(q)?
1
Let w(y) = y**2 + 4*y - 4. Let f(r) = 14*r - 108. Let n be f(8). Calculate w(n).
28
Let r(x) = x. Let m(s) be the first derivative of 5*s**2 + 4*s + 1. Let b(h) = -m(h) + 12*r(h). Give b(-3).
-10
Let t(w) be the first derivative of -w**3 - 6*w**2 - 2*w - 34. Let j be t(-4). Let y(f) = f. Determine y(j).
-2
Let i(o) be the second derivative of -7*o**5/20 + 7*o**4/12 + o**3 - 11*o - 3. Let r(q) = -13*q**3 + 13*q**2 + 11*q. Let h(w) = -11*i(w) + 6*r(w). Give h(0).
0
Let b be (-4)/20*-3 + (-22)/(-5). Let g(t) = -2*t + 5. Calculate g(b).
-5
Let s(k) = -k**3 + 5*k**2 + 2*k - 4. Suppose -8*i + 24 = -4*i - 4*w, 4*w = -16. Suppose -4*o + i*m = -23 + 9, 3*o - m = 12. Give s(o).
6
Let p(l) = -5*l**3 + 6*l**2 - 13*l - 7. Let u(w) = 4*w**3 - 7*w**2 + 12*w + 6. Let q(m) = -3*p(m) - 4*u(m). Determine q(9).
-3
Suppose -2*p - 28 = -3*k, 2*k = p + 16 + 1. Let o(b) = k - b + 3*b - 2 - 3. Let i(f) = -2*f**2 + 6*f + 18. Let r be i(-2). Determine o(r).
-3
Suppose -6*j + i = 30, 2*i = 7*j - 3*j + 12. Let u(v) = 5*v + v**3 - 2 - 2 + 7*v**2 + 0*v**2. Calculate u(j).
2
Let a(u) = -u + 3. Let m(i) = -9*i**2 + 7*i + 24. Let c(k) = 5*k**2 - 3*k - 12. Let v(r) = -7*c(r) - 4*m(r). Let s be v(9). Determine a(s).
-3
Let v(a) = -3*a + 38. Let y(i) = 2*i - 21. Let m(h) = 4*v(h) + 7*y(h). What is m(3)?
11
Let h(d) = 1 - 2 + 2 - 3*d. Let o be (-44)/(-198) + (-356)/(-18). Let x be 4/(-10) - (-68)/o. Give h(x).
-8
Let t = -24 - -45. Let g = t + -24. Let a(b) = -2*b + 0*b + b - b**2. Determine a(g).
-6
Let r(g) = -6*g + 3. Suppose 0 = -2*m + 23 + 1. Suppose 0 = 3*b + b - m. What is r(b)?
-15
Suppose 6*n = -58 - 80. Let j = n + 20. Let a(v) = 1 + 6*v**3 + 1 - 3*v**2 - 7*v**3 - 6. Give a(j).
-4
Let g(x) = x + 310*x**3 - x**2 + 2 - 312*x**3 + 3*x**2. What is g(2)?
-4
Let v(f) = -79084*f + 79082*f - 1 - 4*f**2 + 36*f**3 + 4*f**2. Determine v(-1).
-35
Let r(x) = 2*x + 2*x**2 - 9*x + 3 + 6*x + 2*x**3 - 3*x. What is r(2)?
19
Let v(l) = 14*l**3 - 2*l**2 - 5*l + 7. Let u be v(1). Let h(c) = -2*c + 32. Calculate h(u).
4
Suppose 0*z - 40*z + 440 = 0. Let i(n) = -n**3 + 10*n**2 + 10*n + 5. Give i(z).
-6
Let o(k) = 2*k - 7. Let t = -55 - -53. Suppose 0 = -2*j + 5*j + 90. Let d be (2 - t)*j/(-24). Determine o(d).
3
Let t(b) = -15*b**3 - 4*b**2 - 5*b - 1. Let g(y) = 45*y**3 + 11*y**2 + 14*y + 3. Let z(w) = 3*g(w) + 8*t(w). Suppose -49 = 70*k + 21. Calculate z(k).
-15
Let f(y) = -y**2 + 6*y + 13. Let l = 245 + -239. What is f(l)?
13
Let t(q) be the second derivative of 3*q**3 + q**2/2 + q. Suppose -2*r - 2*y = -62, -3*y = -0*r - 2*r + 57. Let v = r + -31. Calculate t(v).
-17
Let r(q) be the second derivative of 0 + 12*q - 7/2*q**2 - 2/3*q**3. What is r(-5)?
13
Suppose 0 = 2*d - 19 - 1. Suppose -d = -3*j + 2. Let v(f) = 9 + 6 - 11 - j*f. Give v(3).
-8
Let s(t) = 2*t**2 + 2*t - 2. Let c(z) be the second derivative of z**4/12 - z**2/2 + 24*z - 1. Let v(g) = 5*c(g) - 2*s(g). What is v(8)?
31
Let l(q) = -q**2 + 2*q - 3. Let v be ((-54)/10)/((-3)/15). Let t = -46 + v. Let o be 6/21 - t/7. What is l(o)?
-6
Let w(v) = v + 17. Let g be (155/25 - 4)*-5. Calculate w(g).
6
Let j(q) = -4*q**3 - 9*q**2 - 8*q + 1. Let z(s) = s**3 + s**2 + s + 1. Let k = 11 - 10. Let y(o) = k*j(o) + 5*z(o). Let p be 0/(-1 + -3) + 4. Give y(p).
-6
Let v(t) = t - 39. Let j be v(35). Let a(s) = 5*s**2 - 10*s - 2. Let i(y) = -11*y**2 + 21*y + 5. Let p(f) = -13*a(f) - 6*i(f). Determine p(j).
-4
Let s(y) be the second derivative of 1/6*y**3 - 1/2*y**4 + 7/2*y**2 - y + 0 - 1/20*y**5. Let m be 1 - -14*(-1)/2. Give s(m).
1
Let t(x) = x + 6*x**2 - 5*x**3 + 0*x**2 + 13*x**3 - 4*x**2. Let r = -4 - -4. Suppose -3*c = -r*c + 3. Give t(c).
-7
Let g(x) = -3*x + 4. Suppose -2*d + 5*d - r - 10 = 0, 0 = 4*d - 9*r - 21. Calculate g(d).
-5
Let c be ((-24)/8 + 2)/((-2)/18). Suppose -41 = -4*j - 5. Let k = c - j. Let g(v) = -v**3 + v**2 + v - 4. Give g(k).
-4
Let u(n) = -n**3 + 5*n**2 - 7*n + 3. Let c be 400/210 - (88/(-42) + 2). Determi